66724?
28
Calculate the highest common divisor of 3814936 and 136.
136
What is the highest common factor of 13749 and 3?
3
Calculate the highest common divisor of 46 and 23.
23
What is the greatest common divisor of 107532 and 72?
36
Calculate the highest common factor of 166 and 82834.
166
What is the greatest common factor of 2454354 and 12?
6
Calculate the greatest common divisor of 4100 and 460.
20
Calculate the highest common factor of 731 and 684947.
731
What is the highest common factor of 381 and 197?
1
Calculate the highest common factor of 112536 and 5940.
108
What is the greatest common divisor of 10 and 440290?
10
Calculate the greatest common divisor of 2392 and 41834.
26
What is the highest common divisor of 10406 and 144265?
473
Calculate the highest common divisor of 18802 and 158.
158
Calculate the highest common factor of 6816 and 3984.
48
What is the greatest common divisor of 418223 and 2756?
689
What is the greatest common divisor of 98579 and 637?
13
Calculate the greatest common factor of 9 and 5454153.
9
Calculate the highest common divisor of 117760 and 115.
115
What is the highest common divisor of 227200 and 18744?
568
Calculate the greatest common divisor of 34848 and 297.
99
Calculate the highest common divisor of 807795 and 9.
9
What is the highest common divisor of 24 and 5388?
12
What is the greatest common divisor of 30875 and 19955?
65
What is the greatest common factor of 616 and 84?
28
Calculate the highest common factor of 77439 and 996.
249
What is the highest common factor of 4083 and 9?
3
What is the highest common divisor of 12220 and 215260?
940
What is the greatest common factor of 1463253 and 29?
29
Calculate the highest common divisor of 2302610 and 190.
190
Calculate the greatest common divisor of 935 and 1067770.
935
Calculate the highest common factor of 381959 and 58.
29
Calculate the greatest common divisor of 273616 and 10121.
349
Calculate the highest common divisor of 5558 and 147.
7
What is the highest common factor of 1382 and 2961626?
1382
What is the highest common factor of 100890 and 1539?
171
What is the greatest common factor of 9217 and 45376?
709
What is the highest common factor of 122526 and 66?
6
Calculate the highest common factor of 16821 and 1.
1
What is the greatest common factor of 28 and 19922?
14
Calculate the greatest common divisor of 1319166 and 42.
6
What is the greatest common divisor of 29 and 186209?
29
Calculate the greatest common divisor of 489 and 95518.
163
What is the highest common factor of 109 and 289613?
109
What is the greatest common divisor of 74 and 12878?
2
What is the greatest common divisor of 1736 and 4855592?
1736
Calculate the highest common factor of 360 and 108870.
30
What is the greatest common divisor of 24768 and 164862?
774
Calculate the greatest common factor of 39437 and 1396.
349
What is the greatest common divisor of 6144 and 126?
6
What is the greatest common divisor of 2695 and 2200?
55
Calculate the highest common divisor of 333086 and 598.
598
Calculate the greatest common divisor of 38780 and 1036.
28
What is the greatest common divisor of 943 and 491303?
943
What is the greatest common factor of 11753 and 644?
161
What is the greatest common divisor of 17052 and 59388?
588
Calculate the greatest common factor of 171117 and 9.
9
What is the greatest common factor of 403194 and 66?
66
What is the greatest common factor of 80028 and 312?
156
Calculate the greatest common divisor of 366 and 14579.
61
Calculate the highest common divisor of 22414 and 14.
14
What is the greatest common factor of 3772 and 36064?
92
Calculate the greatest common divisor of 98545 and 25.
5
What is the greatest common factor of 256115 and 5?
5
Calculate the highest common divisor of 323 and 11778841.
323
What is the greatest common divisor of 9081 and 63?
9
What is the greatest common factor of 1065 and 26115?
15
What is the greatest common factor of 3598043 and 347?
347
What is the greatest common factor of 333 and 66119?
37
Calculate the greatest common divisor of 564 and 445372.
188
Calculate the greatest common factor of 1440648 and 918.
306
Calculate the highest common divisor of 271 and 60433.
271
What is the highest common factor of 39284 and 976?
244
Calculate the greatest common factor of 282643 and 111.
37
Calculate the greatest common divisor of 50 and 1793950.
50
What is the highest common divisor of 74448 and 33?
33
What is the greatest common divisor of 20 and 24110?
10
What is the greatest common factor of 397984 and 32?
32
Calculate the greatest common divisor of 13294 and 24242.
782
Calculate the highest common factor of 316 and 2211526.
158
What is the greatest common factor of 16384 and 3008?
64
Calculate the greatest common factor of 388 and 476.
4
What is the highest common factor of 165 and 745635?
165
Calculate the highest common factor of 16 and 115952.
16
Calculate the greatest common factor of 95684 and 24.
4
Calculate the greatest common factor of 5450834 and 38.
38
Calculate the highest common divisor of 29950 and 2550.
50
What is the greatest common factor of 395371 and 19?
19
Calculate the greatest common factor of 429 and 741.
39
What is the greatest common divisor of 1080 and 41160?
120
What is the highest common divisor of 1086 and 333402?
1086
What is the greatest common factor of 238 and 1246338?
34
What is the highest common divisor of 2425 and 1975?
25
Calculate the greatest common factor of 4010 and 269.
1
What is the greatest common divisor of 7182 and 33402?
114
Calculate the highest common divisor of 296986 and 10758.
326
What is the highest common divisor of 483 and 21?
21
Calculate the highest common divisor of 3241982 and 862.
862
What is the highest common factor of 379 and 4791697?
379
Calculate the highest common divisor of 450 and 9.
9
What is the highest common divisor of 73007 and 33?
11
Calculate the greatest common factor of 19645 and 20.
5
What is the greatest common factor of 1290987 and 27?
9
What is the greatest common divisor of 95304 and 440?
88
What is the highest common factor of 7203 and 1008?
21
Calculate the greatest common divisor of 15836 and 5136.
428
Calculate the highest common factor of 54 and 11853.
27
Calculate the greatest common factor of 486 and 4122.
18
Calculate the greatest common factor of 13041 and 161.
161
Calculate the greatest common factor of 71136 and 32680.
152
Calculate the highest common divisor of 23002 and 25730.
62
Calculate the highest common factor of 6002160 and 40.
40
Calculate the highest common factor of 2082 and 324098.
694
Calculate the highest common factor of 165 and 47157.
33
What is the greatest common divisor of 85613 and 215?
43
What is the greatest common divisor of 227 and 407919?
227
Calculate the greatest common divisor of 6363 and 336.
21
Calculate the highest common factor of 1729 and 10507.
133
What is the greatest common divisor of 65 and 47255?
65
Calculate the greatest common factor of 112 and 180824.
56
Calculate the highest common factor of 24 and 101160.
24
Calculate the greatest common divisor of 13156 and 5126.
22
What is the highest common factor of 1876 and 23852?
268
Calculate the highest common factor of 2076 and 132.
12
What is the greatest common divisor of 10639 and 271?
1
Calculate the highest common factor of 28262 and 8242.
26
What is the greatest common factor of 135 and 997569?
27
What is the highest common divisor of 49096 and 2907?
323
What is the greatest common factor of 1351 and 26827?
193
What is the highest common divisor of 6640 and 32287?
83
Calculate the greatest common divisor of 112 and 108304.
112
Calculate the highest common divisor of 16 and 1100648.
8
What is the highest common factor of 21800 and 360?
40
What is the highest common factor of 3252 and 1536?
12
What is the greatest common factor of 46367 and 4427?
233
Calculate the greatest common factor of 69 and 11247.
69
What is the highest common divisor of 2562 and 21000?
42
Calculate the greatest common factor of 18751 and 76107.
1103
What is the highest common factor of 995328 and 576?
576
What is the highest common divisor of 11897333 and 7?
7
Calculate the greatest common factor of 1992 and 86486.
166
Calculate the highest common factor of 1219 and 8